+ 36 = p + 4, n = 4*s - 2*p. Is 6 a factor of s?
True
Does 9 divide (-96)/(-15)*10/4?
False
Suppose -20 = -9*f + 13*f. Let v = f + 64. Is 17 a factor of v?
False
Suppose 2*x + 4*k = 6*x, 5*k - 50 = -5*x. Suppose 0 = -4*c - x*o + 69, -o - 32 - 18 = -5*c. Is c a multiple of 8?
False
Let b(j) = j**2 - 6*j - 2. Let d be b(7). Let p be d*(14/10 + -2). Does 14 divide (-14)/p*(-3)/(-1)?
True
Suppose 2*r + o - 6 = -3*o, -1 = 2*r - 3*o. Is 8*r + (-2 - 0) a multiple of 5?
False
Suppose -5*z + 343 = 113. Is 23 a factor of z?
True
Let i be 0/(-2) - 4*2. Does 20 divide i/(-12) - (-212)/6?
False
Let f = 16 - 9. Suppose 2*w - h - 229 = f*w, -2*w - 95 = -3*h. Let z = -33 - w. Is 11 a factor of z?
False
Let b = 37 + 75. Suppose 0 = -2*m + b + 56. Does 28 divide m?
True
Suppose 0 = 3*t - 30 + 6. Let h(z) = -z**3 + 7*z**2 + 8*z + 9. Does 9 divide h(t)?
True
Suppose -11 - 40 = -3*t. Is 17 a factor of t?
True
Let q be 29*(0 - 1)*3. Is q/(-6) - 2/4 a multiple of 14?
True
Let i(j) = -6 + 0*j**2 + 5*j + 2 - j**2. Let u be i(3). Suppose -2*w + 49 = 3*g - u*g, 4*w = -g + 41. Is g a multiple of 26?
False
Let k(g) = -g**3 + g**2 + g + 16. Suppose b + 15 = -4*b, -b + 1 = -v. Let l = 4 + v. Does 8 divide k(l)?
True
Let w be (-3)/(-2)*40/12. Suppose 0 = w*i - 59 - 16. Is 15 a factor of i?
True
Suppose p - 2*p + 45 = -5*q, 5*p = 2*q + 18. Suppose -3*s + 44 = -16. Let i = q + s. Does 3 divide i?
False
Let q(z) = -65*z**2 - 2*z - 1. Let f(d) = -194*d**2 - 5*d - 3. Let m(k) = -4*f(k) + 11*q(k). Is 18 a factor of m(1)?
False
Suppose -4*u - 13 = -5. Let l(b) = -18*b - 4. Does 7 divide l(u)?
False
Suppose 44*r - 567 = 41*r. Does 9 divide r?
True
Let v = -81 + 183. Is 34 a factor of v?
True
Suppose -z + 12 = -0*z. Does 12 divide z?
True
Let n be 36*4*8/6. Suppose -7*r = -3*r - n. Is 12 a factor of r?
True
Let u = 83 - 50. Is u a multiple of 23?
False
Suppose u = 5 - 0. Suppose 244 = -u*k + 654. Suppose 0 = b - 3*b + k. Is b a multiple of 18?
False
Is 6 a factor of 40/(-15)*(-31 - -7)?
False
Let w = -2 - -7. Suppose 3*r = 6, -f - 2*r + 2 = -w*r. Is f a multiple of 2?
True
Suppose -4*v - 32 = 332. Let u be 1/6 + v/6. Is 1/(-3*1/u) a multiple of 5?
True
Let o be 162/(-2) + -1 - -1. Suppose 0 = 6*u - u + 575. Let l = o - u. Does 11 divide l?
False
Let s(d) = 6*d**2 - 4*d - 13. Is s(5) a multiple of 39?
True
Let b = 100 - 56. Suppose 5*h - 116 = b. Is 16 a factor of h?
True
Let i = 6 + -3. Let t(v) = 2*v**3 - 5*v**2 + v + 3. Does 8 divide t(i)?
False
Let w(q) = 2*q**2 - q + 1. Let l(h) = -h**3 - 4*h**2 + 4*h. Let k be l(-5). Let z be w(k). Suppose z = 4*c - 54. Does 10 divide c?
False
Let a(f) = f**2 - 6*f + 3. Let b be a(7). Let r = b - 14. Does 7 divide 1/(((-4)/21)/r)?
True
Let h = 291 - 208. Does 23 divide h?
False
Let f be (-3 + (-1 - 0))*-1. Suppose 4*c = 4*o + 88, 52 = c + o + f*o. Suppose -m + 12 = -i, -5*m + i = -103 + c. Is m a multiple of 9?
False
Let k = -188 - -267. Suppose -2*v - g + 15 = 5, -v - 3*g + 5 = 0. Suppose -k = -3*l - h + 2*h, 2*h - 128 = -v*l. Is l a multiple of 13?
True
Let b(l) = -8*l**2 - 10*l + 9. Let y(k) = 7*k**2 + 9*k - 8. Let z(j) = -6*b(j) - 7*y(j). Let r be z(-3). Let o = 2 + r. Is 2 a factor of o?
True
Let s = -36 - -107. Is 11 a factor of s?
False
Suppose 0 = 17*a - 20*a + 84. Is a a multiple of 10?
False
Suppose 0*s = -5*c - s + 102, 0 = -c + 3*s + 14. Let w = 10 + c. Is w a multiple of 15?
True
Suppose -2*y - 4 = -0*y. Let f = y + 1. Is 2 - (-1 - -2)/f even?
False
Suppose 5*a - 3*a + r = 63, -154 = -5*a + r. Let n = 97 - a. Is n a multiple of 22?
True
Does 7 divide 15 + (4 - (-24)/(-3))?
False
Let a(i) = -9*i**2 - 5*i + 89*i**2 + 6*i. Does 21 divide a(-1)?
False
Let z(m) = -m**3 + 4*m**2 - 4*m + 6. Let y(i) = -i**3 + 3*i**2 - 3*i + 6. Let b(s) = -6*y(s) + 7*z(s). Let a be b(9). Is (-14)/((a - -1)/1) a multiple of 7?
True
Let y be 0 - (-32 + (-6)/3). Suppose -35 - y = -n. Does 25 divide n?
False
Suppose q = -4*q + 40. Is 2 a factor of (-7)/((-42)/q)*3?
True
Let p = -3 - -6. Suppose 3*n - k = 87, 5*k - p*k - 50 = -2*n. Is 14 a factor of n?
True
Suppose 57 - 5 = 2*v - 2*g, 4*v = -g + 129. Is v a multiple of 10?
False
Let z(p) = -p**2 + p - 1. Let c(u) = -3 + 5 - 2*u + 0 + 2*u**2. Let w(j) = 6*c(j) + 11*z(j). Does 2 divide w(-2)?
False
Suppose 0 = 3*z - 6*z - g + 85, 0 = -3*z + 3*g + 69. Does 4 divide 31/3 + 18/z?
False
Let l = 11 - 6. Is 5 a factor of l?
True
Let p be (0 + -4)/(0 - 2). Suppose p = 2*n - 2. Suppose -z - 66 = -n*k - 0*z, 0 = k + 4*z - 51. Does 15 divide k?
False
Suppose 16 = -4*w, -127 = -3*p - 0*w + w. Suppose -p + 11 = -3*t. Does 10 divide t?
True
Let b(u) = -2*u + 2. Let m be b(5). Let i be 12/(-10)*20/m. Suppose -2*o + 30 = i*o. Is o a multiple of 6?
True
Let q(n) = 133*n**3 + n**2 - 4*n + 2. Is q(1) a multiple of 12?
True
Let y(t) = -t + 4. Let s be y(0). Let h(p) = -3 + 5*p + s - p**2 + 2*p. Is h(5) a multiple of 4?
False
Suppose 0 = -8*v + 11*v - 33. Is v a multiple of 11?
True
Suppose 12 = -2*h + 4*h. Let m = h - 10. Let g(y) = y**3 + 5*y**2 + 4*y + 4. Does 4 divide g(m)?
True
Let k = 506 - 290. Is 24 a factor of k?
True
Suppose -2*w + 22 + 46 = 0. Let x = w - 22. Is x a multiple of 6?
True
Suppose b + 2*k - 55 - 62 = 0, b + k = 120. Suppose 0 = 4*h + 216 - 564. Let f = b - h. Is 12 a factor of f?
True
Suppose 11*s - 87 = 8*s. Is s a multiple of 13?
False
Suppose -2*p - 60 = -4*s, 2*s + p - 10 = 16. Is 3 a factor of s?
False
Let z be ((-2)/(-4))/((-1)/16). Let v = z + 9. Let a = v + 1. Does 2 divide a?
True
Let j be -1 + (0 - 1) + -2. Let t = j - -7. Suppose l = t*l - 14. Is l a multiple of 7?
True
Let x be ((-8)/(-10))/((-5)/(-25)). Suppose 0 + 8 = x*m. Suppose m*g + 5*q = 69, 2*g + 5*q - 123 = -2*g. Does 10 divide g?
False
Does 12 divide (148 + -3)/5 + -3?
False
Let i(z) = -4*z**2 - 4*z - 10. Let f be i(-5). Let j = -55 - f. Is 6 a factor of j?
False
Let s = 3 - 1. Suppose 4*h + 48 = s*h. Let o = 2 - h. Is 13 a factor of o?
True
Suppose -2*r + 2 + 28 = 0. Let z = 30 - r. Is 5 a factor of z?
True
Suppose 288 + 316 = 4*c - 4*v, -4*v = 4. Does 48 divide c?
False
Let o(l) = l - 15. Let u be o(8). Let i = u + 21. Is i a multiple of 7?
True
Suppose -3*x + 210 = 4*i + i, -2*x = i - 49. Is 39 a factor of i?
True
Let i = 242 - -84. Suppose -3*k + n + 194 = 0, 0*k - n = -5*k + i. Is 23 a factor of k?
False
Let p(w) = -w**3 - 10*w**2 - 19*w - 16. Is p(-9) a multiple of 5?
False
Let l(r) = -7*r - 9. Is 19 a factor of l(-4)?
True
Let u(o) = o - 6. Let k(c) = -7. Let x(h) = -2*k(h) + 3*u(h). Is 2 a factor of x(4)?
True
Suppose w = 2*w - 40. Is w a multiple of 11?
False
Suppose 152 = 3*r - 10. Is 18 a factor of r?
True
Suppose -3*n + 4*v + 279 = -0*v, -v = 4*n - 372. Is n a multiple of 31?
True
Let v = -11 + 4. Let r = v + 19. Suppose 2*l + r = 3*q - l, 16 = 4*q + 3*l. Does 2 divide q?
True
Suppose 3*t - 5*p + 21 = 0, 2*p = 3*p. Let w = t + 12. Suppose 0 = -w*s - 2*q + 107, -s + 0*q = 4*q - 25. Does 18 divide s?
False
Let z = 38 - 5. Does 11 divide z?
True
Let s = 123 + -99. Does 24 divide s?
True
Let p be (1 - 0)/(2/62). Let l = 48 - p. Let y = 7 + l. Is 7 a factor of y?
False
Suppose 5*f - 83 = -2*q, -4*f = q + 9 - 49. Is q a multiple of 22?
True
Suppose -2*m - 36 = 2*m + 3*t, 4*m + 4*t = -40. Let d = m + 8. Suppose -3*f + 3*w + 30 = 0, f + 1 = -d*w + 2. Is f a multiple of 7?
True
Let r(i) = 11*i + 2. Let l be r(2). Suppose 3*t = 6*t - l. Suppose 2*f - t - 20 = 0. Is f a multiple of 14?
True
Suppose 2*a + 4 = f + f, -5*f - 5*a - 10 = 0. Suppose 3*k - 2*k - 50 = f. Let o = 81 - k. Is 13 a factor of o?
False
Suppose -6*v - 48 = -9*v. Suppose -2*w + 12 + v = 0. Is w a multiple of 14?
True
Let m = -358 + 505. Is 21 a factor of m?
True
Suppose -2*l + 3*l - 32 = 0. Does 16 divide l?
True
Let w(c) = 4*c**2 + c + 12. Let q(y) = 1 + y**2 + y**2 - y**2. Let i(t) = -5*q(t) + w(t). Is i(0) a multiple of 7?
True
Suppose -3*r - j + 0 - 16 = 0, 3*r = 3*j - 24. Let c(d) = d**3 + 6*d**2. Let g be c(r). Suppose g = -5*x + 207 + 83. Does 21 divide x?
False
Let c be (-5)/(-2) + 2/4. Suppose 5*g - n - 66 = c*n, -5*n = 4*g - 20. Is g a multiple of 10?
True
Let v be 2*1/(6/9). Suppose d = -2*s + 182, v*d - 199 = -3*s + 77. Suppose 3*l - s = -2*l. Is l a multiple of 13?
False
Let r(w) = w + 42. Is r(0) a multiple of 21?
True
Let d = 492 + -132. Does 30 divi